Arnside Monthly Climatological Summary For March 2024
Latitude N 54° 12' 9'', longnitude W 2° 49' 41'', elevation 6 metres
Day | Mean Temp °C | High Temp °C | High Time | Low Temp °C | Low Time | Heat °C Days | Cool °C Days | Rain mm | Avg Wind Mph | High Wind Mph | High Time | Dom Dir |
---|---|---|---|---|---|---|---|---|---|---|---|---|
1 | 3.5 | 5.8 | 11:30 | 1.1 | 00:00 | 14.8 | 0.0 | 0.0 | 4.0 | 25 | 11:00 | NE |
2 | 2.6 | 5.8 | 13:00 | -0.8 | 05:00 | 15.7 | 0.0 | 0.0 | 2.4 | 14 | 11:00 | NE |
3 | 4.8 | 9.1 | 15:00 | 0.8 | 00:00 | 13.5 | 0.0 | 0.0 | 3.1 | 13 | 05:00 | SSE |
4 | 4.8 | 10.8 | 14:00 | -1.4 | 06:30 | 13.5 | 0.0 | 0.0 | 2.3 | 22 | 13:30 | NE |
5 | 6.7 | 11.7 | 14:30 | 2.6 | 00:00 | 11.6 | 0.0 | 0.0 | 1.8 | 13 | 12:30 | SSE |
6 | 6.4 | 11.2 | 13:30 | 1.8 | 01:30 | 11.9 | 0.0 | 0.0 | 1.7 | 15 | 14:00 | NE |
7 | 6.7 | 10.4 | 14:00 | 5.1 | 04:30 | 11.6 | 0.0 | 0.0 | 6.2 | 25 | 09:30 | ENE |
8 | 6.1 | 7.8 | 12:30 | 4.3 | 21:30 | 12.2 | 0.0 | 0.0 | 10.0 | 28 | 13:30 | ENE |
9 | 6.5 | 8.6 | 14:30 | 4.5 | 02:30 | 11.8 | 0.0 | 0.0 | 13.8 | 33 | 18:00 | NE |
10 | 7.4 | 8.5 | 12:00 | 6.3 | 00:30 | 10.9 | 0.0 | 0.0 | 13.4 | 30 | 00:30 | NE |
11 | 6.8 | 8.6 | 16:00 | 5.6 | 07:00 | 11.5 | 0.0 | 0.0 | 4.4 | 21 | 01:30 | NNE |
12 | 8.1 | 10.4 | 16:00 | 5.3 | 01:30 | 10.2 | 0.0 | 0.0 | 3.8 | 22 | 23:00 | SSE |
13 | 10.0 | 11.4 | 03:30 | 8.2 | 23:00 | 8.3 | 0.0 | 0.0 | 8.6 | 30 | 12:30 | SSE |
14 | 10.7 | 12.1 | 18:30 | 8.4 | 00:30 | 7.6 | 0.0 | 0.0 | 7.0 | 25 | 21:30 | SSE |
15 | 8.4 | 10.3 | 02:30 | 3.8 | 00:00 | 9.9 | 0.0 | 0.0 | 7.3 | 26 | 04:30 | SSE |
16 | 7.0 | 11.6 | 13:30 | 2.1 | 03:30 | 11.3 | 0.0 | 0.0 | 1.6 | 16 | 15:30 | SSE |
17 | 11.0 | 13.2 | 14:00 | 9.1 | 22:00 | 7.3 | 0.0 | 0.0 | 6.1 | 22 | 17:00 | SSE |
18 | 10.0 | 12.4 | 14:00 | 7.7 | 08:00 | 8.3 | 0.0 | 0.0 | 5.6 | 17 | 13:00 | SSE |
19 | 10.3 | 12.4 | 15:00 | 8.2 | 00:00 | 8.0 | 0.0 | 0.0 | 5.3 | 27 | 05:00 | SSE |
20 | 9.5 | 13.7 | 15:30 | 5.6 | 00:00 | 8.8 | 0.0 | 0.0 | 2.3 | 13 | 16:30 | N |
21 | 8.6 | 9.8 | 00:00 | 5.3 | 01:00 | 9.7 | 0.0 | 0.0 | 7.7 | 27 | 21:30 | S |
22 | 8.1 | 10.3 | 14:00 | 5.4 | 18:30 | 10.2 | 0.0 | 0.0 | 7.3 | 27 | 15:30 | WSW |
23 | 6.9 | 8.4 | 17:00 | 5.5 | 06:30 | 11.4 | 0.0 | 0.0 | 10.1 | 27 | 08:00 | W |
24 | 7.9 | 12.4 | 13:30 | 3.1 | 00:00 | 10.4 | 0.0 | 0.0 | 4.8 | 17 | 01:00 | SSE |
25 | 6.9 | 9.4 | 15:00 | 3.2 | 00:30 | 11.4 | 0.0 | 0.0 | 1.3 | 13 | 07:00 | NE |
26 | 8.1 | 14.1 | 14:00 | 5.2 | 06:30 | 10.2 | 0.0 | 0.0 | 6.3 | 23 | 20:30 | NE |
27 | 6.3 | 10.2 | 12:00 | 3.9 | 21:30 | 12.0 | 0.0 | 0.0 | 4.4 | 24 | 17:30 | SSE |
28 | 7.5 | 10.8 | 13:30 | 5.1 | 00:30 | 10.8 | 0.0 | 3.2 | 4.9 | 23 | 16:30 | NE |
7.4 | 14.1 | 26/03 | -1.4 | 04/03 | 304.8 | 0.0 | 3.2 | 5.6 | 33 | 09/03 | SSE |
Max Temp: 0 Days ≥ 25.0°C, 0 Days ≤ 0.0°C
Min Temp: 2 Days ≤ 0.0°C
Max Rain: 3.2 mm on 28-03-2024
Days of Rain: 1 Days > 0 mm, 1 Days > 2 mm, 0 Days > 20 mm,
Heat Base: 18.3°C, Cool Base: 18.3°C, Method: Integration
Heversham Monthly Climatological Summary For March 2024
Latitude N 54° 14' 26'', longnitude W 2° 46' 20'', elevation 35 metres
Day | Mean Temp °C | High Temp °C | High Time | Low Temp °C | Low Time | Heat °C Days | Cool °C Days | Rain mm | Avg Wind Mph | High Wind Mph | High Time | Dom Dir |
---|---|---|---|---|---|---|---|---|---|---|---|---|
1 | 3.6 | 6.0 | 12:30 | 1.5 | 23:30 | 14.7 | 0.0 | 3.8 | 3.4 | 23 | 12:00 | E |
2 | 3.0 | 5.9 | 13:00 | -0.6 | 04:30 | 15.3 | 0.0 | 5.0 | 1.6 | 12 | 10:30 | E |
3 | 5.1 | 10.2 | 13:30 | 0.8 | 00:00 | 13.2 | 0.0 | 0.0 | 2.3 | 12 | 06:30 | SSE |
4 | 5.5 | 10.6 | 14:30 | -1.1 | 04:30 | 12.8 | 0.0 | 0.4 | 3.4 | 24 | 22:30 | SSE |
5 | 7.3 | 13.2 | 14:00 | 2.6 | 00:00 | 11.0 | 0.0 | 1.0 | 2.5 | 19 | 00:30 | SSE |
6 | 7.1 | 11.8 | 13:30 | 2.2 | 01:00 | 11.2 | 0.0 | 0.0 | 2.1 | 13 | 13:00 | E |
7 | 6.9 | 11.1 | 14:00 | 4.3 | 07:00 | 11.4 | 0.0 | 0.0 | 3.9 | 20 | 19:00 | E |
8 | 6.2 | 8.3 | 13:00 | 4.7 | 21:30 | 12.1 | 0.0 | 0.0 | 6.9 | 22 | 12:30 | E |
9 | 6.7 | 8.6 | 17:00 | 4.8 | 02:00 | 11.6 | 0.0 | 0.0 | 6.2 | 24 | 09:30 | E |
10 | 7.6 | 9.0 | 12:00 | 6.4 | 00:00 | 10.7 | 0.0 | 0.0 | 5.7 | 22 | 08:30 | E |
11 | 7.1 | 9.1 | 16:00 | 5.9 | 05:00 | 11.2 | 0.0 | 0.0 | 2.0 | 16 | 00:30 | E |
12 | 8.5 | 10.7 | 16:30 | 5.9 | 00:30 | 9.8 | 0.0 | 4.2 | 2.7 | 22 | 00:00 | S |
13 | 10.1 | 11.6 | 04:30 | 8.3 | 23:00 | 8.2 | 0.0 | 19.8 | 5.2 | 27 | 12:00 | S |
14 | 10.9 | 12.3 | 15:30 | 8.3 | 00:30 | 7.4 | 0.0 | 19.6 | 6.1 | 25 | 15:30 | S |
15 | 8.4 | 10.4 | 01:00 | 4.0 | 23:30 | 9.9 | 0.0 | 7.4 | 4.5 | 30 | 05:00 | W |
16 | 7.3 | 12.0 | 13:00 | 2.3 | 03:30 | 11.0 | 0.0 | 14.0 | 2.1 | 17 | 14:30 | S |
17 | 11.1 | 14.0 | 15:00 | 9.1 | 00:00 | 7.2 | 0.0 | 2.2 | 3.8 | 19 | 19:00 | S |
18 | 10.1 | 14.5 | 14:00 | 7.9 | 07:00 | 8.2 | 0.0 | 1.6 | 4.0 | 21 | 23:00 | S |
19 | 10.5 | 13.3 | 15:00 | 8.3 | 00:00 | 7.8 | 0.0 | 4.2 | 3.9 | 28 | 02:00 | W |
20 | 9.7 | 14.9 | 15:30 | 5.6 | 00:00 | 8.6 | 0.0 | 3.4 | 1.3 | 12 | 16:30 | E |
21 | 8.5 | 9.7 | 21:00 | 5.3 | 01:00 | 9.8 | 0.0 | 9.0 | 4.1 | 25 | 14:00 | S |
22 | 7.6 | 11.1 | 13:30 | 4.6 | 20:00 | 10.7 | 0.0 | 2.0 | 4.0 | 26 | 17:00 | W |
23 | 6.5 | 8.7 | 14:30 | 5.0 | 06:00 | 11.8 | 0.0 | 1.6 | 5.2 | 28 | 14:30 | W |
24 | 7.5 | 14.4 | 15:00 | 2.7 | 05:00 | 10.8 | 0.0 | 0.0 | 2.3 | 15 | 06:00 | W |
25 | 7.1 | 9.5 | 15:30 | 3.7 | 00:30 | 11.2 | 0.0 | 5.4 | 2.4 | 16 | 11:30 | S |
26 | 8.1 | 13.9 | 14:00 | 5.7 | 23:00 | 10.2 | 0.0 | 1.4 | 3.1 | 17 | 14:30 | E |
27 | 6.3 | 10.4 | 12:00 | 3.8 | 19:30 | 12.0 | 0.0 | 8.2 | 4.0 | 26 | 13:00 | SSE |
28 | 7.7 | 11.2 | 14:30 | 4.6 | 00:30 | 10.6 | 0.0 | 3.2 | 4.1 | 23 | 16:00 | E |
7.6 | 14.9 | 20/03 | -1.1 | 04/03 | 300.4 | 0.0 | 117.4 | 3.7 | 30 | 15/03 | E |
Max Temp: 0 Days ≥ 25.0°C, 0 Days ≤ 0.0°C
Min Temp: 2 Days ≤ 0.0°C
Max Rain: 19.8 mm on 13-03-2024
Days of Rain: 20 Days > 0 mm, 15 Days > 2 mm, 0 Days > 20 mm,
Heat Base: 18.3°C, Cool Base: 18.3°C, Method: Integration
Silverdale Monthly Climatological Summary For March 2024
Latitude N 54° 8' 7'', longnitude W 2° 49' 17'', elevation 43 metres
Day | Mean Temp °C | High Temp °C | High Time | Low Temp °C | Low Time | Heat °C Days | Cool °C Days | Rain mm | Avg Wind Mph | High Wind Mph | High Time | Dom Dir |
---|---|---|---|---|---|---|---|---|---|---|---|---|
1 | 3.5 | 5.6 | 10:30 | 1.5 | 00:00 | 14.8 | 0.0 | 5.2 | 1.5 | 16 | 10:30 | ESE |
2 | 2.8 | 5.7 | 13:00 | -0.3 | 04:00 | 15.5 | 0.0 | 5.0 | 0.2 | 6 | 20:00 | ESE |
3 | 4.9 | 9.1 | 15:30 | 1.3 | 00:00 | 13.4 | 0.0 | 0.4 | 1.3 | 10 | 05:00 | WNW |
4 | 5.6 | 10.2 | 15:00 | -0.2 | 05:00 | 12.7 | 0.0 | 0.2 | 2.4 | 17 | 21:00 | ESE |
5 | 7.2 | 11.9 | 13:30 | 2.9 | 00:00 | 11.1 | 0.0 | 0.2 | 1.1 | 13 | 00:30 | W |
6 | 7.0 | 11.1 | 13:30 | 2.4 | 01:00 | 11.3 | 0.0 | 0.0 | 1.7 | 13 | 13:00 | ESE |
7 | 6.9 | 10.6 | 14:00 | 5.4 | 23:00 | 11.4 | 0.0 | 0.0 | 3.1 | 14 | 10:00 | ESE |
8 | 6.0 | 8.3 | 14:00 | 4.3 | 21:30 | 12.3 | 0.0 | 0.0 | 3.4 | 17 | 20:00 | ESE |
9 | 6.5 | 9.6 | 14:30 | 4.2 | 03:00 | 11.8 | 0.0 | 0.0 | 3.4 | 17 | 10:30 | ESE |
10 | 7.3 | 8.7 | 12:00 | 6.3 | 00:30 | 11.0 | 0.0 | 0.4 | 3.0 | 17 | 06:30 | SE |
11 | 6.8 | 8.8 | 15:30 | 5.2 | 05:30 | 11.5 | 0.0 | 0.0 | 0.4 | 9 | 01:00 | SE |
12 | 8.1 | 10.3 | 22:00 | 6.0 | 01:00 | 10.2 | 0.0 | 11.8 | 2.0 | 17 | 21:30 | W |
13 | 9.9 | 11.3 | 04:30 | 8.4 | 22:30 | 8.4 | 0.0 | 12.2 | 4.1 | 19 | 11:30 | W |
14 | 10.6 | 12.0 | 16:00 | 8.6 | 00:30 | 7.7 | 0.0 | 14.6 | 3.4 | 16 | 22:30 | W |
15 | 8.1 | 10.2 | 01:00 | 4.1 | 22:00 | 10.2 | 0.0 | 9.0 | 3.6 | 19 | 10:00 | W |
16 | 7.4 | 11.6 | 12:30 | 2.4 | 03:00 | 10.9 | 0.0 | 8.4 | 1.1 | 13 | 22:30 | SSE |
17 | 10.9 | 13.7 | 14:00 | 8.9 | 23:30 | 7.4 | 0.0 | 2.6 | 2.5 | 15 | 20:30 | W |
18 | 9.8 | 12.3 | 13:00 | 7.6 | 08:00 | 8.5 | 0.0 | 1.2 | 2.5 | 13 | 12:30 | W |
19 | 10.2 | 12.6 | 14:00 | 8.3 | 23:30 | 8.1 | 0.0 | 4.6 | 2.9 | 17 | 02:30 | W |
20 | 9.6 | 15.0 | 16:00 | 6.3 | 00:00 | 8.7 | 0.0 | 3.4 | 0.1 | 7 | 14:30 | SE |
21 | 8.5 | 9.6 | 21:30 | 6.2 | 00:30 | 9.8 | 0.0 | 8.2 | 4.4 | 23 | 19:30 | W |
22 | 7.8 | 10.5 | 13:30 | 4.7 | 20:00 | 10.5 | 0.0 | 2.4 | 4.1 | 21 | 16:30 | WNW |
23 | 6.6 | 8.7 | 17:00 | 5.0 | 06:30 | 11.7 | 0.0 | 0.8 | 5.3 | 21 | 08:30 | WNW |
24 | 7.8 | 12.9 | 12:30 | 4.2 | 23:30 | 10.5 | 0.0 | 0.0 | 2.0 | 13 | 00:30 | WNW |
25 | 6.9 | 9.3 | 15:00 | 4.5 | 00:30 | 11.4 | 0.0 | 9.6 | 1.4 | 11 | 08:30 | ESE |
26 | 8.2 | 13.4 | 14:00 | 5.4 | 06:30 | 10.1 | 0.0 | 0.8 | 1.9 | 13 | 15:30 | SE |
27 | 6.2 | 10.2 | 11:30 | 3.8 | 20:00 | 12.1 | 0.0 | 11.0 | 1.8 | 22 | 17:30 | SSE |
28 | 7.6 | 10.8 | 13:30 | 5.0 | 00:30 | 10.7 | 0.0 | 3.8 | 2.8 | 16 | 04:30 | ESE |
7.5 | 15.0 | 20/03 | -0.3 | 02/03 | 303.7 | 0.0 | 115.8 | 2.4 | 23 | 21/03 | ESE |
Max Temp: 0 Days ≥ 25.0°C, 0 Days ≤ 0.0°C
Min Temp: 2 Days ≤ 0.0°C
Max Rain: 14.6 mm on 14-03-2024
Days of Rain: 22 Days > 0 mm, 15 Days > 2 mm, 0 Days > 20 mm,
Heat Base: 18.3°C, Cool Base: 18.3°C, Method: Integration
Warton Monthly Climatological Summary For March 2024
Latitude N 54° 8' 40'', longnitude W 2° 46' 2'', elevation 12 metres
Day | Mean Temp °C | High Temp °C | High Time | Low Temp °C | Low Time | Heat °C Days | Cool °C Days | Rain mm | Avg Wind Mph | High Wind Mph | High Time | Dom Dir |
---|---|---|---|---|---|---|---|---|---|---|---|---|
1 | 3.4 | 6.1 | 11:00 | 1.1 | 00:00 | 14.9 | 0.0 | 3.4 | 3.8 | 26 | 11:30 | ENE |
2 | 3.2 | 6.0 | 13:00 | 0.1 | 04:30 | 15.1 | 0.0 | 2.2 | 1.8 | 13 | 14:30 | NE |
3 | 5.4 | 11.6 | 15:30 | 1.9 | 00:00 | 12.9 | 0.0 | 0.0 | 2.6 | 14 | 03:00 | SSE |
4 | 6.0 | 11.0 | 14:00 | 0.8 | 04:30 | 12.3 | 0.0 | 0.0 | 5.8 | 30 | 21:00 | SE |
5 | 7.6 | 13.6 | 14:30 | 3.9 | 23:30 | 10.7 | 0.0 | 0.0 | 3.0 | 16 | 01:00 | SSE |
6 | 7.5 | 11.4 | 13:30 | 3.9 | 00:30 | 10.8 | 0.0 | 0.0 | 4.1 | 19 | 14:00 | E |
7 | 7.0 | 11.3 | 14:00 | 5.5 | 03:30 | 11.3 | 0.0 | 0.0 | 6.6 | 25 | 11:00 | E |
8 | 6.3 | 8.8 | 11:00 | 4.5 | 21:30 | 12.0 | 0.0 | 0.0 | 7.5 | 25 | 14:00 | ENE |
9 | 6.7 | 9.2 | 14:30 | 4.8 | 02:30 | 11.6 | 0.0 | 0.0 | 9.6 | 29 | 10:30 | ENE |
10 | 7.5 | 9.0 | 13:00 | 6.4 | 00:00 | 10.8 | 0.0 | 0.2 | 8.6 | 29 | 12:30 | ENE |
11 | 6.9 | 8.8 | 13:30 | 5.0 | 07:00 | 11.4 | 0.0 | 0.0 | 1.5 | 18 | 00:30 | WSW |
12 | 8.6 | 10.8 | 23:30 | 5.8 | 00:30 | 9.7 | 0.0 | 6.0 | 3.5 | 23 | 00:00 | S |
13 | 10.5 | 11.9 | 04:30 | 8.4 | 22:30 | 7.8 | 0.0 | 9.0 | 6.1 | 26 | 15:30 | S |
14 | 11.1 | 12.6 | 15:30 | 8.8 | 00:30 | 7.2 | 0.0 | 7.8 | 5.9 | 23 | 14:00 | SSE |
15 | 8.4 | 10.7 | 00:30 | 3.8 | 23:30 | 9.9 | 0.0 | 4.8 | 4.7 | 23 | 04:00 | S |
16 | 7.8 | 11.4 | 12:30 | 2.8 | 03:00 | 10.5 | 0.0 | 4.2 | 4.0 | 21 | 14:30 | SSE |
17 | 11.4 | 14.6 | 15:00 | 9.3 | 22:30 | 6.9 | 0.0 | 2.6 | 4.5 | 20 | 21:30 | SSE |
18 | 10.4 | 14.6 | 14:00 | 8.1 | 04:30 | 7.9 | 0.0 | 0.2 | 4.0 | 22 | 00:00 | SSE |
19 | 10.9 | 13.1 | 13:30 | 9.2 | 07:30 | 7.4 | 0.0 | 1.8 | 4.0 | 25 | 01:00 | SSW |
20 | 10.3 | 15.7 | 16:00 | 6.1 | 23:00 | 8.0 | 0.0 | 2.6 | 1.0 | 10 | 16:30 | NE |
21 | 8.7 | 9.8 | 18:30 | 6.9 | 00:30 | 9.6 | 0.0 | 6.0 | 5.0 | 25 | 18:00 | S |
22 | 8.4 | 12.1 | 11:30 | 5.1 | 20:00 | 9.7 | 0.0 | 2.8 | 5.0 | 24 | 15:00 | W |
23 | 7.1 | 9.1 | 11:30 | 5.4 | 05:30 | 11.2 | 0.0 | 0.6 | 7.1 | 26 | 04:00 | W |
24 | 9.1 | 14.5 | 12:30 | 5.1 | 05:30 | 7.9 | 0.0 | 0.0 | 3.3 | 17 | 14:30 | W |
28 | 7.9 | 9.4 | 16:00 | 7.1 | 19:00 | 3.7 | 0.0 | 1.4 | 4.2 | 28 | 16:30 | ENE |
7.9 | 15.7 | 20/03 | 0.1 | 02/03 | 251.2 | 0.0 | 55.6 | 4.7 | 30 | 04/03 | ENE |
Max Temp: 0 Days ≥ 25.0°C, 0 Days ≤ 0.0°C
Min Temp: 0 Days ≤ 0.0°C
Max Rain: 9.0 mm on 13-03-2024
Days of Rain: 16 Days > 0 mm, 11 Days > 2 mm, 0 Days > 20 mm,
Heat Base: 18.3°C, Cool Base: 18.3°C, Method: Integration